{"id":35,"date":"2009-10-26T22:52:43","date_gmt":"2009-10-26T21:52:43","guid":{"rendered":"http:\/\/www.gillespichavant.com\/blog\/?page_id=35"},"modified":"2009-11-08T12:15:10","modified_gmt":"2009-11-08T11:15:10","slug":"autres-sites-internationaux","status":"publish","type":"page","link":"https:\/\/www.gillespichavant.com\/blog\/syndicalisme\/autres-sites-internationaux\/","title":{"rendered":"Autres sites internationaux"},"content":{"rendered":"<div class=\"fblike_button\" style=\"margin: 10px 0;\"><iframe src=\"http:\/\/www.facebook.com\/plugins\/like.php?href=https%3A%2F%2Fwww.gillespichavant.com%2Fblog%2Fsyndicalisme%2Fautres-sites-internationaux%2F&amp;layout=standard&amp;show_faces=false&amp;width=450&amp;action=like&amp;colorscheme=light\" scrolling=\"no\" frameborder=\"0\" allowTransparency=\"true\" style=\"border:none; overflow:hidden; width:450px; height:25px\"><\/iframe><\/div>\n<blockquote><p><strong>Syndicats des telecoms<\/strong><\/p><\/blockquote>\n<p><strong><span style=\"text-decoration: underline;\">Afrique (continent) &gt;&gt; Syndicaux<\/span><\/strong><\/p>\n<ul>\n<li><a href=\"http:\/\/www.uni-africa.org\/\" target=\"_blank\">UNI<\/a> &#8211; Africa<\/li>\n<\/ul>\n<p><strong><span style=\"text-decoration: underline;\">Allemagne &gt;&gt; Syndicaux<\/span><\/strong><\/p>\n<ul>\n<li><a href=\"http:\/\/www.verdi.de\/\" target=\"_blank\">ver.di<\/a> &#8211; F\u00e9d\u00e9ration unifi\u00e9e des services<\/li>\n<\/ul>\n<p><strong><span style=\"text-decoration: underline;\">Am\u00e9rique du Nord &gt;&gt; Syndicaux<\/span><\/strong><\/p>\n<ul>\n<li><a href=\"http:\/\/www.cwa-union.org\/\" target=\"_blank\">CWA<\/a> &#8211; Communications Workers of America<\/li>\n<\/ul>\n<ul>\n<li><a href=\"http:\/\/www.ranknfile-ue.org\/\" target=\"_blank\">UE<\/a> &#8211; United Electrical, Radio and Machine Workers of America<\/li>\n<\/ul>\n<ul>\n<li><a href=\"http:\/\/www.liuna.org\/\" target=\"_blank\">LIUNA<\/a> &#8211; Union internationale des journaliers d&rsquo;Am\u00e9rique<\/li>\n<\/ul>\n<p><strong><span style=\"text-decoration: underline;\">Australie &gt;&gt; Syndicaux<\/span><\/strong><\/p>\n<ul>\n<li><a href=\"http:\/\/www.cepu.asn.au\/\" target=\"_blank\">CEPU<\/a> &#8211; Australian Communications, Electrical, Electronic, Energy, Information, Postal, Plumbing and Allied Services Union of Australia<\/li>\n<\/ul>\n<p><strong><span style=\"text-decoration: underline;\">Belgique &gt;&gt; Syndicaux<\/span><\/strong><\/p>\n<ul>\n<li><a href=\"http:\/\/www.cgsp.be\/\" target=\"_blank\">FGTB &#8211; CGSP<\/a> &#8211; Centrale g\u00e9n\u00e9rale des services publics<\/li>\n<\/ul>\n<ul>\n<li><a href=\"http:\/\/csc-transcom.csc-en-ligne.be\/\" target=\"_blank\">CSC<\/a> &#8211; Transport et Communications &#8211; Transcom<\/li>\n<\/ul>\n<p><strong><span style=\"text-decoration: underline;\">Br\u00e9sil &gt;&gt; Syndicaux<\/span><\/strong><\/p>\n<ul>\n<li><a href=\"http:\/\/www.acet-ctea.com\/\" target=\"_blank\">CUT &#8211; FENTECT<\/a> &#8211; Federa\u00e7\u00e3o Nacional dos Trabalhadores Empresas de Correios e Tel\u00e9grafos<\/li>\n<\/ul>\n<ul>\n<li><a href=\"http:\/\/www.fittel.org.br\/\" target=\"_blank\">CUT &#8211; FITTEL<\/a> &#8211; Federa\u00e7\u00e3o dos Trabalhadores em Telecomunica\u00e7\u00f5es<\/li>\n<\/ul>\n<p><strong><span style=\"text-decoration: underline;\">Canada et provinces &gt;&gt; Syndicaux<\/span><\/strong><\/p>\n<ul>\n<li><a href=\"http:\/\/www.acet-ctea.com\/\" target=\"_blank\">ACET<\/a> &#8211; Association canadienne des employ\u00e9s en t\u00e9l\u00e9communications<\/li>\n<\/ul>\n<ul>\n<li><a href=\"http:\/\/www.cep.ca\/\" target=\"_blank\">SCEP<\/a> &#8211; SYNDICAT CANADIEN DES COMMUNICATIONS, DE L&rsquo;\u00c9NERGIE ET DU PAPIER<\/li>\n<\/ul>\n<ul>\n<li><a href=\"http:\/\/www.sttp.ca\/\" target=\"_blank\">STTP<\/a> &#8211; Syndicat des travailleurs et des travailleuses des postes<\/li>\n<\/ul>\n<ul>\n<li><a href=\"http:\/\/www.twu-canada.ca\/\" target=\"_blank\">TWU<\/a> &#8211; Syndicat des travailleurs en t\u00e9l\u00e9communications<\/li>\n<\/ul>\n<p><strong><span style=\"text-decoration: underline;\">\u00c9tats-Unis &gt;&gt; Syndicaux<\/span><\/strong><\/p>\n<ul>\n<li><a href=\"http:\/\/www.apwu.org\/\" target=\"_blank\">AFL-CIO &#8211; APWU<\/a> &#8211; American Postal Workers Union<\/li>\n<\/ul>\n<ul>\n<li><a href=\"http:\/\/www.nalc.org\/\" target=\"_blank\">NALC<\/a> &#8211; National Association of Letter Carriers<\/li>\n<\/ul>\n<ul>\n<li><a href=\"http:\/\/www.npmhu.org\/\" target=\"_blank\">NPMHU<\/a> &#8211; National Postal Mail Handlers Union<\/li>\n<\/ul>\n<ul>\n<li><a href=\"http:\/\/www.nrlca.org\/\" target=\"_blank\">NRLCA<\/a> &#8211; National Rural Letter Carriers Association<\/li>\n<\/ul>\n<p><strong><span style=\"text-decoration: underline;\">Europe (continent) &gt;&gt; Syndicaux<\/span><\/strong><\/p>\n<ul>\n<li><a href=\"http:\/\/www.eurofedop.org\/\" target=\"_blank\">Eurofedop<\/a> &#8211; F\u00e9d\u00e9ration Europ\u00e9enne du Personnel des Services Publics<\/li>\n<\/ul>\n<p><strong><span style=\"text-decoration: underline;\">France &gt;&gt; Syndicaux<\/span><\/strong><\/p>\n<ul>\n<li><a href=\"http:\/\/www.cgt-ptt.fr\/\" target=\"_blank\">CGT &#8211; PTT<\/a> &#8211; F\u00e9d\u00e9ration nationale des salari\u00e9s du secteur des Activit\u00e9s Postales et de T\u00e9l\u00e9communications<\/li>\n<\/ul>\n<ul>\n<li><a href=\"http:\/\/perso.wanadoo.fr\/cgt-guingamp\/\" target=\"_blank\">CGT-PTT<\/a> &#8211; France-T\u00e9l\u00e9com &#8211; Guingamp<\/li>\n<\/ul>\n<ul>\n<li><a href=\"http:\/\/membres.lycos.fr\/cgtptt88\/\" target=\"_blank\">CGT &#8211; PTT Vosges<\/a><\/li>\n<\/ul>\n<p><strong><span style=\"text-decoration: underline;\">International &gt;&gt; Syndicaux<\/span><\/strong><\/p>\n<ul>\n<li><a href=\"http:\/\/www.iue.org\/\" target=\"_blank\">IUE<\/a> &#8211; International Union of Electronic, Electrical, Salaried, Machine and Furniture Workers<\/li>\n<\/ul>\n<ul>\n<li><a href=\"http:\/\/www.union-network.org\/\" target=\"_blank\">UNI<\/a> &#8211; Union Network International (Internationale des comp\u00e9tences et des services)<\/li>\n<\/ul>\n<ul>\n<li><a href=\"http:\/\/www.ocrr.org\/\" target=\"_blank\">OCRR<\/a> &#8211; Organisation des courriers des routes rurales<\/li>\n<\/ul>\n<ul>\n<li><a href=\"http:\/\/www.ituc-csi.org\/\" target=\"_blank\">CSI<\/a> &#8211; Conf\u00e9d\u00e9ration syndicale internationale<\/li>\n<\/ul>\n<p><strong><span style=\"text-decoration: underline;\">Irlande &gt;&gt; Syndicaux<\/span><\/strong><\/p>\n<ul>\n<li><a href=\"http:\/\/www.cwu.ie\/\" target=\"_blank\">CWU<\/a> &#8211; Union des travailleurs des communications d&rsquo;Irlande<\/li>\n<\/ul>\n<p><strong><span style=\"text-decoration: underline;\">Mexique &gt;&gt; Syndicaux<\/span><\/strong><\/p>\n<ul>\n<li><a href=\"http:\/\/www.strm.org.mx\/indexa.htm\" target=\"_blank\">STRM<\/a> &#8211; Syndicat des t\u00e9l\u00e9phonistes du Mexique<\/li>\n<\/ul>\n<p><strong><span style=\"text-decoration: underline;\">Qu\u00e9bec &gt;&gt; Syndicaux<\/span><\/strong><\/p>\n<ul>\n<li><a href=\"http:\/\/www.oricom.ca\/scep75\/\" target=\"_blank\">SCEP &#8211; Locale 75<\/a> &#8211; Syndicat des techniciens(es) et T\u00e9l\u00e9phonistes de Bell Qu\u00e9bec, Expertech et Entourage. R\u00e9gion de Qu\u00e9bec<\/li>\n<\/ul>\n<ul>\n<li><a href=\"http:\/\/www.scep-sl-qc.com\/\" target=\"_blank\">SCEP &#8211; Locale 84Q<\/a> &#8211; Qu\u00e9bec<\/li>\n<\/ul>\n<ul>\n<li><a href=\"http:\/\/www.scep-sl-qc.com\/sl84.htm\" target=\"_blank\">SCEP &#8211; Locale 84<\/a> Qu\u00e9bec<\/li>\n<\/ul>\n<ul>\n<li><a href=\"http:\/\/g41-92.citenet.net\/users\/ctmx0952\/index.html\" target=\"_blank\">STTP<\/a> &#8211; Syndicat des travailleurs et travailleuses des Postes &#8211; Local Granby<\/li>\n<\/ul>\n<ul>\n<li><a href=\"http:\/\/www.ftq.qc.ca\/ftq\/\" target=\"_blank\">FTQ<\/a> &#8211; F\u00c9D\u00c9RATION DES TRAVAILLEURS ET TRAVAILLEUSES DU QU\u00c9BEC<\/li>\n<\/ul>\n<ul>\n<li><a href=\"http:\/\/www.sevl2815.com\/\" target=\"_blank\">SCFP &#8211; Locale 2815<\/a> &#8211; Syndicat des employ\u00e9s de Vid\u00e9otron lt\u00e9e<\/li>\n<\/ul>\n<ul>\n<li><a href=\"http:\/\/www.scfp3624.qc.ca\/\" target=\"_blank\">SCFP &#8211; Locale 3624<\/a> &#8211; Syndicat des employ\u00e9s de COGECO C\u00e2ble Canada Inc., division Qu\u00e9bec<\/li>\n<\/ul>\n<ul>\n<li><a href=\"http:\/\/www.sttpmtl.org\/\" target=\"_blank\">STTP<\/a> &#8211; Syndicat des travailleurs et travailleuses des Postes &#8211; Section locale de Montr\u00e9al<\/li>\n<\/ul>\n<ul>\n<li><a href=\"http:\/\/local145scep.qc.ca\/\" target=\"_blank\">SCEP<\/a> &#8211; Section locale 145<\/li>\n<\/ul>\n<p><strong><span style=\"text-decoration: underline;\">Royaume-Uni &gt;&gt; Syndicaux<\/span><\/strong><\/p>\n<ul>\n<li><a href=\"http:\/\/www.cwu.org\/\" target=\"_blank\">CWU<\/a> &#8211; Communication Workers Union<\/li>\n<\/ul>\n<p><strong><span style=\"text-decoration: underline;\">Suisse &gt;&gt; Syndicaux<\/span><\/strong><\/p>\n<ul>\n<li><a href=\"http:\/\/www.travailsuisse.ch\/\" target=\"_blank\">Travail.Suisse<\/a><\/li>\n<\/ul>\n<ul>\n<li><a href=\"http:\/\/www.syndicatcommunication.ch\/\" target=\"_blank\">USS<\/a> &#8211; Syndicat de la communication<\/li>\n<\/ul>\n<blockquote><p><strong>Syndicats sur le web, en fran\u00e7ais<\/strong><\/p><\/blockquote>\n<ul>\n<li><a href=\"http:\/\/www.itinerant.qc.ca\/services.html\" target=\"_blank\">L&rsquo;itin\u00e9rant<\/a> (Qu\u00e9bec)<\/li>\n<\/ul>\n<ul>\n<li><a href=\"http:\/\/www.www.travail.qc.ca\/\" target=\"_blank\">Le monde du travail<\/a> (Qu\u00e9bec)<\/li>\n<\/ul>\n<blockquote><p><strong>Syndicats sur le web, en anglais<\/strong><\/p><\/blockquote>\n<p><strong><span style=\"text-decoration: underline;\">OTHER LABOR-RELATED SITES<\/span><\/strong><\/p>\n<ul>\n<li><a href=\"http:\/\/www.cs.uchicago.edu\/discussions\/cpsr\/lb\" target=\"_blank\">Labor Beat<\/a> &#8211; Labor Beat produces progressive TV, radio, and Internet communications on social issues<\/li>\n<\/ul>\n<ul>\n<li><a href=\"http:\/\/www.igc.apc.org\/history\/\" target=\"_blank\">U.S. Labor History<\/a> &#8211; IGC&rsquo;s chronology of U.S. labor history from the 1600&rsquo;s to the 1990&rsquo;s<\/li>\n<\/ul>\n<ul>\n<li><a href=\"http:\/\/www.people-link.com\/links\/propeoplelinks\/labor.html\" target=\"_blank\">Who Builds the World?<\/a> &#8211; A list of labor sites from Progressive People Links; also check <a href=\"http:\/\/www.people-link.com\/links\/index.html#ppp\" target=\"_blank\">People Links&rsquo; home page<\/a> for links to other progressive sites<\/li>\n<\/ul>\n<ul>\n<li><a href=\"http:\/\/www.labourgroup.org\/\" target=\"_blank\">Labour group<\/a><\/li>\n<\/ul>\n<ul>\n<li><a href=\"http:\/\/www.cacosh.org\/\" target=\"_blank\">CACOSH<\/a> \u00ab\u00a0Chicago Area Committee on Occupational Safety and Health\u00a0\u00bb, Comit\u00e9 de d\u00e9fensse droits et libert\u00e9s des travailleurs de l&rsquo;Illinois.<\/li>\n<\/ul>\n<ul>\n<li><a href=\"http:\/\/www.northlandposter.com\/\" target=\"_blank\">Northland Poster Collective<\/a> &#8211; Shop for labor-related posters, cards, t-shirts, etc.<\/li>\n<\/ul>\n<ul>\n<li><a href=\"http:\/\/garnet.berkeley.edu:3333\/edinlist\/.labor\/.labororg\/ifw\/ifw.html\" target=\"_blank\">International Federation of Workers Education Association<\/a> (IFWEA)<\/li>\n<\/ul>\n<ul>\n<li><a href=\"http:\/\/www.geocities.com\/jadeddave1\/\" target=\"_blank\">Radical Politics Online<\/a><\/li>\n<\/ul>\n<ul>\n<li><a href=\"http:\/\/www.esop.org\/~nceo\/\" target=\"_blank\">National Center for Employee Ownership<\/a><\/li>\n<\/ul>\n<ul>\n<li><a href=\"http:\/\/www.rctcc.org\/\" target=\"_blank\">RailCorp Train Crew Concil<\/a> We Work to Live &#8230; We Do NOT Live to Work<\/li>\n<\/ul>\n<ul>\n<li><a href=\"http:\/\/www.ilr.cornell.edu\/\" target=\"_blank\">School of Industrial and Labor Relations at Cornell<\/a> &#8211; Large collection of labor information<\/li>\n<\/ul>\n<ul>\n<li><a href=\"http:\/\/www.employeegrowth.com\/\" target=\"_blank\">The Alliance for Employee Growth and Development, Inc.<\/a> &#8211; Devoted to the training and retraining needs of union-represented workforces.<\/li>\n<\/ul>\n<ul>\n<li><a href=\"http:\/\/www.nevadalabor.com\/\" target=\"_blank\">The Nevada Labor Pages<\/a> &#8211; Includes news and commentary on Labor happenings in the state of Nevada. <a href=\"http:\/\/www.unionist.com\/\" target=\"_blank\">http:\/\/www.unionist.com\/<\/a><\/li>\n<\/ul>\n<ul>\n<li><a href=\"http:\/\/www.osstf.on.ca\/www\/links\/unions.html\" target=\"_blank\">Printable list of unions on the Web<\/a> &#8211; This frequently updated list includes URLs on the screen for easy printing.<\/li>\n<\/ul>\n<p><strong><span style=\"text-decoration: underline;\">Syndicats sur le WEB (INTERNATIONAL)<\/span><\/strong><\/p>\n<ul>\n<li><a href=\"http:\/\/www.anc.org.za\/cosatu\/\" target=\"_blank\">Congress of South African Trade Unions<\/a> (COSATU) &#8211; COSATU has been in the forefront of the struggle for workers&rsquo; rights and against apartheid in South Africa<\/li>\n<\/ul>\n<ul>\n<li><a href=\"http:\/\/www.imf-jc.or.jp\/\" target=\"_blank\">Japan Council of Metalworkers Unions<\/a> (IMF-JC) &#8211; IMF-JC is an affiliate of the International Metalworkers Federation and represents the eight major metal industry-wide federations<\/li>\n<\/ul>\n<ul>\n<li><a href=\"http:\/\/www.tuc.org.uk\/\" target=\"_blank\">Trade Union Congress<\/a> (UK) &#8211; The TUC is the umbrella organization for the majority of British Trade Unions<\/li>\n<\/ul>\n<ul>\n<li><a href=\"http:\/\/www.unison.org.uk\/\" target=\"_blank\">Unison<\/a> &#8211; The biggest trade union in the UK, representing 1.4 million public sector workers<\/li>\n<\/ul>\n<p><strong><span style=\"text-decoration: underline;\">Labor Related Commercial\/For Profit Sites<\/span><\/strong><\/p>\n<ul>\n<li><a href=\"http:\/\/www.unionist.com\/\" target=\"_blank\">Union Communication Services<\/a> &#8211; Devoted to providing \u00ab\u00a0communication and educational tools for Activist Union Leaders\u00a0\u00bb.<\/li>\n<\/ul>\n<ul>\n<li><a href=\"http:\/\/www.ufsi.com\/\" target=\"_blank\">Union Friendly Systems, Inc.<\/a> &#8211; Union made computers and membership software<\/li>\n<\/ul>\n<p><strong><span style=\"text-decoration: underline;\">Syndicats sur le WEB (AMERIQUE du NORD)<\/span><\/strong><\/p>\n<ul>\n<li><a href=\"http:\/\/www.seiu.org\/\" target=\"_blank\">Service Employees International Union<\/a> (SEIU)<\/li>\n<\/ul>\n<ul>\n<li><a href=\"http:\/\/twu.com\/\" target=\"_blank\">Transport Worker Union of America<\/a><\/li>\n<\/ul>\n<ul>\n<li><a href=\"http:\/\/www.uniteunion.org\/\" target=\"_blank\">UNITE! &#8211; Union of Needletrades, Industrial &amp; Textile Employees (formerly the ILGWU &amp; ACTWU)<\/a><\/li>\n<\/ul>\n<ul>\n<li><a href=\"http:\/\/www.uaw.org\/\" target=\"_blank\">United Auto Workers<\/a> (UAW)<\/li>\n<\/ul>\n<ul>\n<li><a href=\"http:\/\/www.igc.apc.org\/unitedelect\/\" target=\"_blank\">United Electrical, Radio &amp; Machine Workers of America<\/a> (UE)<\/li>\n<\/ul>\n<ul>\n<li><a href=\"http:\/\/www.ufcw.org\/\" target=\"_blank\">United Food &amp; Commercial Workers<\/a> (UFCW)<\/li>\n<\/ul>\n<ul>\n<li><a href=\"http:\/\/www.uswa.org\/\" target=\"_blank\">United Steel Workers of America<\/a> (USWA)<\/li>\n<\/ul>\n<p><strong><span style=\"text-decoration: underline;\">Syndicats sur le WEB (AMERIQUE du NORD)<\/span><\/strong><\/p>\n<ul>\n<li><a href=\"http:\/\/www.aflcio.org\/\" target=\"_blank\">AFL-CIO<\/a><\/li>\n<\/ul>\n<ul>\n<li><a href=\"http:\/\/www.alliedpilots.org\/\" target=\"_blank\">Allied Pilots Association<\/a> (APA)<\/li>\n<\/ul>\n<ul>\n<li><a href=\"http:\/\/www.cais.net\/atu\" target=\"_blank\">Amalgamated Transit Union<\/a> (ATU)<\/li>\n<\/ul>\n<ul>\n<li><a href=\"http:\/\/www.afm.org\/\" target=\"_blank\">American Federation of Musicians<\/a> (AFM)<\/li>\n<\/ul>\n<ul>\n<li><a href=\"http:\/\/www.afscme.org\/\" target=\"_blank\">American Federation of State, County, and Municipal Employees<\/a> (AFSCME)<\/li>\n<\/ul>\n<ul>\n<li><a href=\"http:\/\/www.aft.org\/\" target=\"_blank\">American Federation of Teachers<\/a> (AFT)<\/li>\n<\/ul>\n<ul>\n<li><a href=\"http:\/\/aftra.org\/\" target=\"_blank\">American Federation of Television and Radio Artists<\/a><\/li>\n<\/ul>\n<ul>\n<li><a href=\"http:http:\/\/www.apwu.org\/\/\/\" target=\"_blank\">American Postal Workers Union<\/a> (APWU)<\/li>\n<\/ul>\n<ul>\n<li><a href=\"http:\/\/www.dalpa.com\/\" target=\"_blank\">Delta Air Line Pilots Association<\/a><\/li>\n<\/ul>\n<ul>\n<li><a href=\"http:\/\/www.fedex-alpa.org\/\" target=\"_blank\">FedEx Air Line Pilots Association<\/a><\/li>\n<\/ul>\n<ul>\n<li><a href=\"http:\/\/www.gag.org\/\" target=\"_blank\">Graphic Artists Guild<\/a> (GAG)<\/li>\n<\/ul>\n<ul>\n<li><a href=\"http:\/\/www.iacp.org\/\" target=\"_blank\">Independent Association of Continental Pilots<\/a><\/li>\n<\/ul>\n<ul>\n<li><a href=\"http:\/\/www.iamaw.org\/\" target=\"_blank\">International Association of Machinists and Aerospace Workers<\/a> (IAM)<\/li>\n<\/ul>\n<ul>\n<li><a href=\"http:\/\/ourworld.compuserve.com\/homepages\/ibewnet\" target=\"_blank\">International Brotherhood of Electrical Workers<\/a> (IBEW)<\/li>\n<\/ul>\n<ul>\n<li><a href=\"http:\/\/garnet.berkeley.edu:3333\/teamster\" target=\"_blank\">International Brotherhood of Teamsters<\/a> (IBT)<\/li>\n<\/ul>\n<ul>\n<li><a href=\"http:\/\/www.iuoe.org\/\" target=\"_blank\">International Union of Operating Engineers<\/a> (IUOE)<\/li>\n<\/ul>\n<ul>\n<li><a href=\"http:\/\/www.natca.org\/\" target=\"_blank\">National Air Traffic Controllers Association<\/a> (NATCA)<\/li>\n<\/ul>\n<ul>\n<li><a href=\"http:\/\/www.nalc.org\/\" target=\"_blank\">National Association of Letter Carriers<\/a> (NALC)<\/li>\n<\/ul>\n<ul>\n<li><a href=\"http:\/\/www.nea.org\/\" target=\"_blank\">National Education Association<\/a> (NEA)<\/li>\n<\/ul>\n<ul>\n<li><a href=\"http:\/\/www.npmhu.org\/\" target=\"_blank\">National Postal Mail Handlers Union<\/a> (NPMHU)<\/li>\n<\/ul>\n<ul>\n<li><a href=\"http:\/\/www.igc.apc.org\/nwu\/\" target=\"_blank\">National Writers Union<\/a> (NWU)-UAW Local-1981<\/li>\n<\/ul>\n<ul>\n<li><a href=\"http:\/\/www.opeiu.org\/\" target=\"_blank\">Office &amp; Professional Employees International Union<\/a> (OPEIU)<\/li>\n<\/ul>\n<ul>\n<li><a href=\"http:\/\/www.osstf.on.ca\/\" target=\"_blank\">Ontario Secondary School Teachers Federation<\/a><\/li>\n<\/ul>\n","protected":false},"excerpt":{"rendered":"<p>Syndicats des telecoms Afrique (continent) &gt;&gt; Syndicaux UNI &#8211; Africa Allemagne &gt;&gt; Syndicaux ver.di &#8211; F\u00e9d\u00e9ration unifi\u00e9e des services Am\u00e9rique du Nord &gt;&gt; Syndicaux CWA &#8211; Communications Workers of America UE &#8211; United Electrical, Radio and Machine Workers of America&hellip;<\/p>\n<p class=\"more-link-p\"><a class=\"more-link\" href=\"https:\/\/www.gillespichavant.com\/blog\/syndicalisme\/autres-sites-internationaux\/\">Read more &rarr;<\/a><\/p>\n","protected":false},"author":1,"featured_media":0,"parent":6,"menu_order":2,"comment_status":"open","ping_status":"open","template":"","meta":{"footnotes":""},"class_list":["post-35","page","type-page","status-publish","hentry"],"_links":{"self":[{"href":"https:\/\/www.gillespichavant.com\/blog\/wp-json\/wp\/v2\/pages\/35","targetHints":{"allow":["GET"]}}],"collection":[{"href":"https:\/\/www.gillespichavant.com\/blog\/wp-json\/wp\/v2\/pages"}],"about":[{"href":"https:\/\/www.gillespichavant.com\/blog\/wp-json\/wp\/v2\/types\/page"}],"author":[{"embeddable":true,"href":"https:\/\/www.gillespichavant.com\/blog\/wp-json\/wp\/v2\/users\/1"}],"replies":[{"embeddable":true,"href":"https:\/\/www.gillespichavant.com\/blog\/wp-json\/wp\/v2\/comments?post=35"}],"version-history":[{"count":28,"href":"https:\/\/www.gillespichavant.com\/blog\/wp-json\/wp\/v2\/pages\/35\/revisions"}],"predecessor-version":[{"id":48,"href":"https:\/\/www.gillespichavant.com\/blog\/wp-json\/wp\/v2\/pages\/35\/revisions\/48"}],"up":[{"embeddable":true,"href":"https:\/\/www.gillespichavant.com\/blog\/wp-json\/wp\/v2\/pages\/6"}],"wp:attachment":[{"href":"https:\/\/www.gillespichavant.com\/blog\/wp-json\/wp\/v2\/media?parent=35"}],"curies":[{"name":"wp","href":"https:\/\/api.w.org\/{rel}","templated":true}]}}