{"id":77,"date":"2009-10-27T00:20:05","date_gmt":"2009-10-26T23:20:05","guid":{"rendered":"http:\/\/www.gillespichavant.com\/blog\/?page_id=77"},"modified":"2009-11-06T19:01:37","modified_gmt":"2009-11-06T18:01:37","slug":"a-propos","status":"publish","type":"page","link":"https:\/\/www.gillespichavant.com\/blog\/a-propos\/","title":{"rendered":"A propos"},"content":{"rendered":"<div class=\"fblike_button\" style=\"margin: 10px 0;\"><iframe src=\"http:\/\/www.facebook.com\/plugins\/like.php?href=https%3A%2F%2Fwww.gillespichavant.com%2Fblog%2Fa-propos%2F&amp;layout=standard&amp;show_faces=false&amp;width=450&amp;action=like&amp;colorscheme=light\" scrolling=\"no\" frameborder=\"0\" allowTransparency=\"true\" style=\"border:none; overflow:hidden; width:450px; height:25px\"><\/iframe><\/div>\n<p>En <strong>G\u00e9n\u00e9alogie<\/strong>, ce qui vous turlupine assez rapidement c&rsquo;est de savoir <strong>ce qui se cache derni\u00e8re tous ces noms accumul\u00e9s<\/strong>.<\/p>\n<p>Qu&rsquo;ont donc fait pendant toute leurs vies, <strong>ces anc\u00eatres \u00e9nigmatiques<\/strong>, dont on ne conna\u00eet souvent que la date de mariage, puis la date de naissance, et enfin le d\u00e9c\u00e8s ? Quels \u00e9taient leurs m\u00e9tiers, leurs motivations, leurs esp\u00e9rances et leurs joies ? O\u00f9, et comment, vivaient-ils ?<\/p>\n<p>On retrouve assez facilement dans les archives (Archives D\u00e9partementales) des descriptions de propri\u00e9t\u00e9s, des baux, des contrats de mariage, des inventaires apr\u00e8s d\u00e9c\u00e8s, etc. Avec un peu de chance, on s&rsquo;int\u00e9resse aux archives de l&rsquo;Amiraut\u00e9 et on trouve des <strong>naufrages<\/strong> et la liste des sauveteurs parmi lesquels on arrive en rep\u00e9rez quelques uns.<\/p>\n<p>Pour peu que l&rsquo;on d\u00e9couvre dans un acte de mariage, une mention <strong>\u00ab\u00a0le p\u00e8re mort au service du roy\u00a0\u00bb<\/strong>, et on imagine une fr\u00e9gate en combat naval, une exp\u00e9dition lointaine, ou un r\u00e9giment en mouvement.<\/p>\n<p>On en arrive \u00e0 s&rsquo;int\u00e9resser \u00e0 l&rsquo;<strong>Histoire<\/strong>, mais ce n&rsquo;est pas encore l&rsquo;<strong>Histoire Sociale<\/strong>.<\/p>\n<p>Et lorsqu&rsquo;un ami, en perspective du <strong>centenaire de la CGT<\/strong> en 1995, vous propose d&rsquo;utiliser vos comp\u00e9tences au service du mouvement syndical, vous sautez le pas.<\/p>\n<p>C&rsquo;est ainsi que je me suis int\u00e9ress\u00e9 d&rsquo;un peu plus pr\u00e8s \u00e0 une histoire certes plus contemporaine; Ce f\u00fbt une exposition (<strong>le centenaire du mouvement syndical dans la r\u00e9gion dieppoise &#8211; au CAC Jean Renoir-1996<\/strong>), puis deux (<strong>Mai 68 dans la r\u00e9gion dieppoise &#8211; au CAC Jean-Renoir-1998<\/strong>).<\/p>\n<p>En prolongement l&rsquo;Union d\u00e9partementale CGT me proposait de participer \u00e0 la cr\u00e9ation d&rsquo;un <em>Institut d\u00e9partemental CGT d&rsquo;Histoire Sociale (IHS-CGT-76)<\/em> (association \u00ab\u00a0loi 1901\u00a0\u00bb) en Seine-Maritime, et d&rsquo;en devenir le Secr\u00e9taire. Je m&rsquo;en occupe donc depuis fin 1996, et nous publions depuis cette \u00e9poque une revue de 24 pages sur l&rsquo;histoire sociale en Seine-Maritime dont le nom est <em>\u00ab\u00a0Le Fil Rouge\u00a0\u00bb<\/em>, distribu\u00e9 aux adh\u00e9rents de l&rsquo;IHS-CGT-76.<\/p>\n<p>J&rsquo;ai coordonn\u00e9, au printemps 2006, l&rsquo;\u00e9criture et la publication d&rsquo;un ouvrage de 100 pages sur l&rsquo;histoire des gr\u00e8ves de 1936 en Seine-Maritime, publi\u00e9 par notre IHS-CGT-76 qui s&rsquo;appelle <em>\u00ab\u00a01936, ils ont os\u00e9, ils ont gagn\u00e9\u00a0\u00bb<\/em> (100 pages au prix de 10\u20ac)<\/p>\n<p>De m\u00eame j&rsquo;ai coordonn\u00e9 au printemps 2008, l&rsquo;\u00e9criture et la publication <em>\u00ab\u00a0Mai-juin 68 en Seine-Maritime, un printemps de luttes qui ont chang\u00e9 la vie\u00a0\u00bb<\/em> (150 pages au prix de 10\u20ac) qui vient de conna\u00eetre une r\u00e9\u00e9dition, apr\u00e8s l&rsquo;\u00e9puisement des 3300 premiers exemplaires au bout d&rsquo;un mois.<\/p>\n<p>Enfin, ce fut la visite-promenade, historique et festive de Dieppe le 3 juin 2006, sur le th\u00e8me de l&rsquo;histoire sociale de Dieppe de 1661 \u00e0 1936, dont j&rsquo;ai \u00e9crit les sketches et dont on peut voir une partie en cliquant sur les images plus haut.<\/p>\n<p>Dans le m\u00eame temps, je continue, \u00e9videmment, mon activit\u00e9 syndicale au service de mes coll\u00e8gues de <strong>France Telecom<\/strong> et de <strong>la Poste<\/strong>, ainsi qu&rsquo;\u00e0 l&rsquo;<em>union locale CGT de Dieppe<\/em>. D&rsquo;o\u00f9 ma page syndicale et ses liens vers de nombreux sites syndicaux<\/p>\n<p>Voil\u00e0 tout ce qui structure l&rsquo;architecture de mon site. Il y aurait pu avoir d&rsquo;autres th\u00e8mes: la musique, la politique, etc. Mais il ne faut pas abuser des bonnes choses. Ce sera peut-\u00eatre pour plus tard.<\/p>\n","protected":false},"excerpt":{"rendered":"<p>En G\u00e9n\u00e9alogie, ce qui vous turlupine assez rapidement c&rsquo;est de savoir ce qui se cache derni\u00e8re tous ces noms accumul\u00e9s. Qu&rsquo;ont donc fait pendant toute leurs vies, ces anc\u00eatres \u00e9nigmatiques, dont on ne conna\u00eet souvent que la date de mariage,&hellip;<\/p>\n<p class=\"more-link-p\"><a class=\"more-link\" href=\"https:\/\/www.gillespichavant.com\/blog\/a-propos\/\">Read more &rarr;<\/a><\/p>\n","protected":false},"author":1,"featured_media":0,"parent":0,"menu_order":4,"comment_status":"open","ping_status":"open","template":"","meta":{"footnotes":""},"class_list":["post-77","page","type-page","status-publish","hentry"],"_links":{"self":[{"href":"https:\/\/www.gillespichavant.com\/blog\/wp-json\/wp\/v2\/pages\/77","targetHints":{"allow":["GET"]}}],"collection":[{"href":"https:\/\/www.gillespichavant.com\/blog\/wp-json\/wp\/v2\/pages"}],"about":[{"href":"https:\/\/www.gillespichavant.com\/blog\/wp-json\/wp\/v2\/types\/page"}],"author":[{"embeddable":true,"href":"https:\/\/www.gillespichavant.com\/blog\/wp-json\/wp\/v2\/users\/1"}],"replies":[{"embeddable":true,"href":"https:\/\/www.gillespichavant.com\/blog\/wp-json\/wp\/v2\/comments?post=77"}],"version-history":[{"count":5,"href":"https:\/\/www.gillespichavant.com\/blog\/wp-json\/wp\/v2\/pages\/77\/revisions"}],"predecessor-version":[{"id":97,"href":"https:\/\/www.gillespichavant.com\/blog\/wp-json\/wp\/v2\/pages\/77\/revisions\/97"}],"wp:attachment":[{"href":"https:\/\/www.gillespichavant.com\/blog\/wp-json\/wp\/v2\/media?parent=77"}],"curies":[{"name":"wp","href":"https:\/\/api.w.org\/{rel}","templated":true}]}}